vided by 37?
31
What is the remainder when 764 is divided by 376?
12
What is the remainder when 101 is divided by 15?
11
Calculate the remainder when 130 is divided by 52.
26
Calculate the remainder when 124 is divided by 91.
33
Calculate the remainder when 518 is divided by 505.
13
What is the remainder when 2647 is divided by 5?
2
What is the remainder when 383 is divided by 98?
89
Calculate the remainder when 132 is divided by 60.
12
What is the remainder when 1101 is divided by 12?
9
Calculate the remainder when 284 is divided by 3.
2
Calculate the remainder when 699 is divided by 145.
119
Calculate the remainder when 13 is divided by 3.
1
Calculate the remainder when 19 is divided by 2.
1
Calculate the remainder when 142 is divided by 13.
12
Calculate the remainder when 3611 is divided by 32.
27
Calculate the remainder when 67043 is divided by 253.
251
What is the remainder when 119 is divided by 42?
35
What is the remainder when 3598 is divided by 15?
13
Calculate the remainder when 439 is divided by 9.
7
Calculate the remainder when 692 is divided by 77.
76
What is the remainder when 775 is divided by 33?
16
What is the remainder when 39 is divided by 9?
3
Calculate the remainder when 235 is divided by 41.
30
What is the remainder when 470 is divided by 11?
8
What is the remainder when 48717 is divided by 35?
32
Calculate the remainder when 533 is divided by 186.
161
What is the remainder when 158 is divided by 24?
14
Calculate the remainder when 177 is divided by 61.
55
Calculate the remainder when 9227 is divided by 24.
11
Calculate the remainder when 483 is divided by 70.
63
What is the remainder when 138 is divided by 133?
5
Calculate the remainder when 1354 is divided by 219.
40
Calculate the remainder when 9 is divided by 4.
1
Calculate the remainder when 158 is divided by 14.
4
What is the remainder when 4625 is divided by 1154?
9
What is the remainder when 1926 is divided by 17?
5
What is the remainder when 31387 is divided by 133?
132
Calculate the remainder when 101 is divided by 98.
3
Calculate the remainder when 1029 is divided by 8.
5
Calculate the remainder when 6747 is divided by 90.
87
Calculate the remainder when 325 is divided by 165.
160
What is the remainder when 163 is divided by 37?
15
What is the remainder when 757 is divided by 134?
87
Calculate the remainder when 312 is divided by 34.
6
Calculate the remainder when 137 is divided by 112.
25
Calculate the remainder when 1636 is divided by 182.
180
Calculate the remainder when 1562 is divided by 390.
2
What is the remainder when 2977 is divided by 130?
117
Calculate the remainder when 207 is divided by 111.
96
Calculate the remainder when 242 is divided by 27.
26
Calculate the remainder when 250 is divided by 2.
0
What is the remainder when 837 is divided by 218?
183
Calculate the remainder when 57 is divided by 40.
17
What is the remainder when 28158 is divided by 4?
2
What is the remainder when 29 is divided by 15?
14
What is the remainder when 38 is divided by 12?
2
What is the remainder when 239 is divided by 35?
29
Calculate the remainder when 283 is divided by 92.
7
What is the remainder when 4442 is divided by 1108?
10
Calculate the remainder when 702 is divided by 143.
130
What is the remainder when 61 is divided by 34?
27
What is the remainder when 60 is divided by 16?
12
What is the remainder when 51980 is divided by 79?
77
What is the remainder when 576 is divided by 87?
54
Calculate the remainder when 847 is divided by 222.
181
Calculate the remainder when 503 is divided by 68.
27
What is the remainder when 18010 is divided by 237?
235
Calculate the remainder when 555 is divided by 125.
55
Calculate the remainder when 27760 is divided by 23.
22
What is the remainder when 593 is divided by 290?
13
Calculate the remainder when 141 is divided by 11.
9
What is the remainder when 183 is divided by 58?
9
Calculate the remainder when 249 is divided by 152.
97
What is the remainder when 339 is divided by 158?
23
Calculate the remainder when 305 is divided by 102.
101
Calculate the remainder when 16 is divided by 4.
0
What is the remainder when 45 is divided by 8?
5
Calculate the remainder when 40 is divided by 5.
0
Calculate the remainder when 86 is divided by 29.
28
What is the remainder when 1269 is divided by 51?
45
Calculate the remainder when 2222 is divided by 555.
2
What is the remainder when 470 is divided by 101?
66
Calculate the remainder when 149 is divided by 80.
69
Calculate the remainder when 738 is divided by 213.
99
What is the remainder when 241 is divided by 11?
10
What is the remainder when 444 is divided by 14?
10
What is the remainder when 565 is divided by 127?
57
What is the remainder when 65 is divided by 22?
21
What is the remainder when 53 is divided by 19?
15
What is the remainder when 241 is divided by 110?
21
What is the remainder when 30045 is divided by 83?
82
Calculate the remainder when 3115 is divided by 76.
75
Calculate the remainder when 34 is divided by 13.
8
What is the remainder when 317 is divided by 39?
5
Calculate the remainder when 45 is divided by 10.
5
Calculate the remainder when 678 is divided by 17.
15
What is the remainder when 1475 is divided by 135?
125
What is the remainder when 1674 is divided by 105?
99
What is the remainder when 929 is divided by 292?
53
What is the remainder when 124 is divided by 1?
0
What is the remainder when 306 is divided by 258?
48
Calculate the remainder when 247 is divided by 38.
19
Calculate the remainder when 157 is divided by 40.
37
What is the remainder when 608 is divided by 246?
116
What is the remainder when 387 is divided by 29?
10
What is the remainder when 3239 is divided by 41?
0
What is the remainder when 63 is divided by 14?
7
What is the remainder when 4126 is divided by 24?
22
Calculate the remainder when 2158 is divided by 120.
118
What is the remainder when 203 is divided by 41?
39
What is the remainder when 1102 is divided by 257?
74
Calculate the remainder when 6695 is divided by 6.
5
What is the remainder when 1477 is divided by 37?
34
Calculate the remainder when 1162 is divided by 12.
10
Calculate the remainder when 62 is divided by 26.
10
What is the remainder when 8 is divided by 5?
3
What is the remainder when 42 is divided by 12?
6
What is the remainder when 250 is divided by 32?
26
Calculate the remainder when 113 is divided by 42.
29
What is the remainder when 3753 is divided by 44?
13
What is the remainder when 165 is divided by 74?
17
Calculate the remainder when 238 is divided by 107.
24
Calculate the remainder when 741 is divided by 243.
12
What is the remainder when 621 is divided by 101?
15
What is the remainder when 171 is divided by 29?
26
What is the remainder when 878 is divided by 74?
64
What is the remainder when 7391 is divided by 6?
5
What is the remainder when 1676 is divided by 48?
44
Calculate the remainder when 36 is divided by 31.
5
What is the remainder when 771 is divided by 229?
84
What is the remainder when 103 is divided by 58?
45
What is the remainder when 3489 is divided by 9?
6
Calculate the remainder when 186 is divided by 17.
16
Calculate the remainder when 1128 is divided by 294.
246
Calculate the remainder when 11098 is divided by 122.
118
Calculate the remainder when 2817 is divided by 31.
27
What is the remainder when 309 is divided by 13?
10
What is the remainder when 45410 is divided by 27?
23
Calculate the remainder when 276 is divided by 130.
16
Calculate the remainder when 425 is divided by 102.
17
What is the remainder when 41 is divided by 11?
8
What is the remainder when 10482 is divided by 9?
6
What is the remainder when 74 is divided by 29?
16
Calculate the remainder when 294 is divided by 28.
14
Calculate the remainder when 676 is divided by 7.
4
What is the remainder when 314 is divided by 77?
6
What is the remainder when 31727 is divided by 95?
92
What is the remainder when 1803 is divided by 21?
18
Calculate the remainder when 431 is divided by 129.
44
What is the remainder when 1081 is divided by 136?
129
What is the remainder when 46 is divided by 29?
17
Calculate the remainder when 130 is divided by 44.
42
Calculate the remainder when 24 is divided by 6.
0
Calculate the remainder when 315 is divided